{"id":100,"date":"2019-11-08T19:38:31","date_gmt":"2019-11-08T19:38:31","guid":{"rendered":"http:\/\/www.otrasenda.org\/?page_id=100"},"modified":"2020-01-10T19:59:06","modified_gmt":"2020-01-10T19:59:06","slug":"ciencia-del-exito","status":"publish","type":"page","link":"https:\/\/www.otrasenda.org\/index.php\/ciencia-del-exito\/","title":{"rendered":"Ciencia del \u00e9xito"},"content":{"rendered":"<h2><span style=\"color: #ffcc99;\"><span style=\"color: #800000;\">\u00a1Se antifr\u00e1gil!<\/span><br \/>\n<\/span><\/h2>\n<pre><a href=\"http:\/\/lindy.otrasenda.org\/\">http:\/\/lindy.otrasenda.org\/<\/a><\/pre>\n<p><img decoding=\"async\" loading=\"lazy\" class=\"alignnone wp-image-279 size-full\" src=\"http:\/\/www.otrasenda.org\/wp-content\/uploads\/2019\/11\/cursolindy1.png\" alt=\"cursolindy1\" width=\"2476\" height=\"2011\" srcset=\"https:\/\/www.otrasenda.org\/wp-content\/uploads\/2019\/11\/cursolindy1.png 2476w, https:\/\/www.otrasenda.org\/wp-content\/uploads\/2019\/11\/cursolindy1-300x244.png 300w, https:\/\/www.otrasenda.org\/wp-content\/uploads\/2019\/11\/cursolindy1-768x624.png 768w, https:\/\/www.otrasenda.org\/wp-content\/uploads\/2019\/11\/cursolindy1-1024x832.png 1024w, https:\/\/www.otrasenda.org\/wp-content\/uploads\/2019\/11\/cursolindy1-1200x975.png 1200w\" sizes=\"(max-width: 2476px) 100vw, 2476px\" \/><\/p>\n<h2 style=\"text-align: center;\"><span style=\"color: #800000;\">Ciencia del \u00e9xito: Ser antifr\u00e1gil<\/span><\/h2>\n<p style=\"text-align: center;\">Curso de 4 sesiones (12 horas)<\/p>\n<p class=\"has-medium-font-size\" style=\"text-align: center;\">S\u00e1bados de 4 a 7 pm con opci\u00f3n de clases asincr\u00f3nicas grabadas<\/p>\n<p class=\"has-text-color has-medium-font-size has-bright-blue-color\" style=\"text-align: center;\">Febrero 8, 15, 22 y 29<\/p>\n<p class=\"has-text-color has-medium-font-size\" style=\"text-align: center;\"><span style=\"color: #ff0000;\"><strong><em>\u201cEl viento apaga una vela y aviva el fuego. Lo mismo pasa con el azar, la incertidumbre, el caos: queremos usarlos no ocultarnos de ellos. Queremos ser fuego y desear el viento\u201d <\/em> Taleb<\/strong><\/span><\/p>\n<p><strong>La comunidad Lindy te ayuda justamente a dejar de ser un pavo (persona fr\u00e1gil que es enga\u00f1ada por el azar), para convertirte en fuego, en cisne negro, a trav\u00e9s de la ciencia y pr\u00e1ctica de la Antifragilidad. As\u00ed que, si eres una persona creativa, que busca la libertad personal (y financiera), desarrollar tus potenciales fuera de los canales normales y sobre todo no quieres ser un pavo sino un cazador de Cisnes Negros, entonces la comunidad Lindy es para ti.<\/strong><\/p>\n<p><strong>El \u00e1gora de la comunidad Lindy es un espacio para la reflexi\u00f3n y aprendizaje continuo en temas de ciencia del \u00e9xito y salud natural desde una perspectiva compleja, para no solo sobrevivir sino triunfar en un mundo que no entendemos.<\/strong><\/p>\n<p class=\"has-text-color has-bright-blue-color\"><strong><span style=\"color: #3366ff;\">Te invitamos a construir juntos un esquema de crecimiento personal y comunitario basado en ciencia y sus aplicaciones, para triunfar individual y colectivamente.<\/span> <\/strong><\/p>\n<h4>Estructura del curso:<\/h4>\n<h2>M\u00f3dulo introductorio: Viviendo y triunfando en extremist\u00e1n<\/h2>\n<table class=\"wp-block-table\">\n<tbody>\n<tr>\n<td><strong>SESI\u00d3N 1: <\/strong><br \/>\n<strong>\u2013 Viviendo en extremist\u00e1n: un mundo dominado por el azar, los eventos extremos poco frecuentes.<\/strong><br \/>\n<strong>\u2013 El diablo est\u00e1 en las interacciones: la complejidad como fuente de incertidumbre y azar.\u00a0<\/strong><br \/>\n<strong>\u2013 Como vivir en un mundo que no entendemos: la filosof\u00eda Lindy y el estilo de vida antifr\u00e1gil<\/strong><\/td>\n<\/tr>\n<tr>\n<td><strong>SESI\u00d3N 2:<br \/>\nAntitrabajo: no ser pavo, ni esclavo.<\/strong><\/td>\n<\/tr>\n<tr>\n<td><strong>SESI\u00d3N 3:<br \/>\nMente antifr\u00e1gil en cuerpo antifr\u00e1gil.<\/strong><\/td>\n<\/tr>\n<tr>\n<td><strong>SESI\u00d3N 4:<\/strong><br \/>\n<strong>-Riesgo del mundo real: <\/strong>Sin riesgo no hay aventura y la vida deber\u00eda vivirse como una aventura.<br \/>\n<strong>\u2013 Mantenerse sano es vital: ideas clave y algunas herramientas Lindy<\/strong><br \/>\n<strong>\u2013 Del Nehuatl al Tehuantin<\/strong>: viviendo con piel en el juego.<\/td>\n<\/tr>\n<\/tbody>\n<\/table>\n<hr class=\"wp-block-separator\" \/>\n<p class=\"has-text-color\">Costo: $3600 pero por introducci\u00f3n el curso total del curso ser\u00e1 de<strong> $1800<\/strong><\/p>\n<p>Adem\u00e1s a los primeros 2 inscritos se les ofrece 2\u00d71.<br \/>\n<strong>Cupo limitado para atenci\u00f3n personalizada. Incluye versi\u00f3n digital del libro \u00a0<\/strong><a href=\"https:\/\/www.amazon.com.mx\/Complectere-Principios-b%C3%A1sicos-decisiones-complejo-ebook\/dp\/B0833KPMZ1\"><strong>Complectere<\/strong><\/a><\/p>\n<p>En la siguiente liga puedes pagar tu curso en la opci\u00f3n de $1800, o apartar tu lugar con $500.<\/p>\n<hr class=\"wp-block-separator\" \/>\n<form action=\"https:\/\/www.paypal.com\/cgi-bin\/webscr\" method=\"post\" target=\"_top\"><input name=\"cmd\" type=\"hidden\" value=\"_s-xclick\" \/><br \/>\n<input name=\"hosted_button_id\" type=\"hidden\" value=\"ANL8H8S557BCS\" \/><\/p>\n<table>\n<tbody>\n<tr>\n<td><input name=\"on0\" type=\"hidden\" value=\"Ciencia del \u00e9xito, ser antifr\u00e1gil\" \/>Ciencia del \u00e9xito, ser antifr\u00e1gil<\/td>\n<\/tr>\n<tr>\n<td><select name=\"os0\"><option value=\"Precio especial\">Precio especial $1,800.00 MXN<\/option><option value=\"Apartado lugar\">Apartado lugar $500.00 MXN<\/option><\/select><\/td>\n<\/tr>\n<\/tbody>\n<\/table>\n<p><input name=\"currency_code\" type=\"hidden\" value=\"MXN\" \/><br \/>\n<input alt=\"PayPal, la forma m\u00e1s segura y r\u00e1pida de pagar en l\u00ednea.\" name=\"submit\" src=\"https:\/\/www.paypalobjects.com\/es_XC\/MX\/i\/btn\/btn_buynowCC_LG.gif\" type=\"image\" \/><br \/>\n<img decoding=\"async\" loading=\"lazy\" src=\"https:\/\/www.paypalobjects.com\/en_US\/i\/scr\/pixel.gif\" alt=\"\" width=\"1\" height=\"1\" border=\"0\" \/><\/p>\n<p>Imparte: Dr. Oliver L\u00f3pez Corona<\/p>\n<p><a href=\"http:\/\/www.lopezoliver.otrasenda.org\">http:\/\/www.lopezoliver.otrasenda.org<\/a><\/p>\n<p>Empec\u00e9 estudiando y trabajando en la ingenier\u00eda el\u00e9ctrica; en la huelga del 99 me hice monta\u00f1ista y explorador; cambie de carrera a F\u00edsica (Sistemas Complejos) -&gt; posgrados en Ciencias de la Tierra que fueron m\u00e1s como matem\u00e1ticas aplicadas al manejo de recursos naturales -&gt; Soy investigador en CONABIO y el Centro de Ciencias de la Complejidad de la UNAM.<\/p>\n<p>@otrasenda_AC<\/p>\n<p>L\u00e9vy walker of life, trying to have<a href=\"https:\/\/twitter.com\/search?q=%23SkinInTheGame&amp;src=hashtag_click\"> #SkinInTheGame<\/a> and practicing <a href=\"https:\/\/twitter.com\/search?q=%23antifragility&amp;src=hashtag_click\"> #antifragility<\/a><\/p>\n<hr class=\"wp-block-separator\" \/>\n<p><strong>Contacto: <\/strong><\/p>\n<p>contacto@otrasenda.org<\/p>\n<p>FB: otrasendaac<\/p>\n<hr class=\"wp-block-separator\" \/>\n<p>El curso se impartir\u00e1 en las instalaciones de OTRASENDA AC en:<\/p>\n<p>Cumbres de Maltrata 373, primer piso. Col. Narvarte. A una cuadra de la glorieta SCOP de VErtiz y Universidad. A 10 minutos del metro etiop\u00eda.<\/p>\n<p><img decoding=\"async\" loading=\"lazy\" class=\"wp-image-165 size-large aligncenter\" src=\"http:\/\/www.otrasenda.org\/wp-content\/uploads\/2019\/12\/mapaCumbres-1024x587.png\" alt=\"mapaCumbres\" width=\"840\" height=\"482\" srcset=\"https:\/\/www.otrasenda.org\/wp-content\/uploads\/2019\/12\/mapaCumbres-1024x587.png 1024w, https:\/\/www.otrasenda.org\/wp-content\/uploads\/2019\/12\/mapaCumbres-300x172.png 300w, https:\/\/www.otrasenda.org\/wp-content\/uploads\/2019\/12\/mapaCumbres-768x440.png 768w, https:\/\/www.otrasenda.org\/wp-content\/uploads\/2019\/12\/mapaCumbres-1200x687.png 1200w\" sizes=\"(max-width: 840px) 100vw, 840px\" \/><\/p>\n<\/form>\n","protected":false},"excerpt":{"rendered":"<p>\u00a1Se antifr\u00e1gil! http:\/\/lindy.otrasenda.org\/ Ciencia del \u00e9xito: Ser antifr\u00e1gil Curso de 4 sesiones (12 horas) S\u00e1bados de 4 a 7 pm [&hellip;]<\/p>\n","protected":false},"author":2,"featured_media":0,"parent":0,"menu_order":0,"comment_status":"closed","ping_status":"closed","template":"","meta":{"site-sidebar-layout":"default","site-content-layout":"","ast-site-content-layout":"","site-content-style":"default","site-sidebar-style":"default","ast-global-header-display":"","ast-banner-title-visibility":"","ast-main-header-display":"","ast-hfb-above-header-display":"","ast-hfb-below-header-display":"","ast-hfb-mobile-header-display":"","site-post-title":"","ast-breadcrumbs-content":"","ast-featured-img":"","footer-sml-layout":"","theme-transparent-header-meta":"","adv-header-id-meta":"","stick-header-meta":"","header-above-stick-meta":"","header-main-stick-meta":"","header-below-stick-meta":"","astra-migrate-meta-layouts":"default","ast-page-background-enabled":"default","ast-page-background-meta":{"desktop":{"background-color":"var(--ast-global-color-5)","background-image":"","background-repeat":"repeat","background-position":"center center","background-size":"auto","background-attachment":"scroll","background-type":"","background-media":"","overlay-type":"","overlay-color":"","overlay-opacity":"","overlay-gradient":""},"tablet":{"background-color":"","background-image":"","background-repeat":"repeat","background-position":"center center","background-size":"auto","background-attachment":"scroll","background-type":"","background-media":"","overlay-type":"","overlay-color":"","overlay-opacity":"","overlay-gradient":""},"mobile":{"background-color":"","background-image":"","background-repeat":"repeat","background-position":"center center","background-size":"auto","background-attachment":"scroll","background-type":"","background-media":"","overlay-type":"","overlay-color":"","overlay-opacity":"","overlay-gradient":""}},"ast-content-background-meta":{"desktop":{"background-color":"var(--ast-global-color-4)","background-image":"","background-repeat":"repeat","background-position":"center center","background-size":"auto","background-attachment":"scroll","background-type":"","background-media":"","overlay-type":"","overlay-color":"","overlay-opacity":"","overlay-gradient":""},"tablet":{"background-color":"var(--ast-global-color-4)","background-image":"","background-repeat":"repeat","background-position":"center center","background-size":"auto","background-attachment":"scroll","background-type":"","background-media":"","overlay-type":"","overlay-color":"","overlay-opacity":"","overlay-gradient":""},"mobile":{"background-color":"var(--ast-global-color-4)","background-image":"","background-repeat":"repeat","background-position":"center center","background-size":"auto","background-attachment":"scroll","background-type":"","background-media":"","overlay-type":"","overlay-color":"","overlay-opacity":"","overlay-gradient":""}}},"_links":{"self":[{"href":"https:\/\/www.otrasenda.org\/index.php\/wp-json\/wp\/v2\/pages\/100"}],"collection":[{"href":"https:\/\/www.otrasenda.org\/index.php\/wp-json\/wp\/v2\/pages"}],"about":[{"href":"https:\/\/www.otrasenda.org\/index.php\/wp-json\/wp\/v2\/types\/page"}],"author":[{"embeddable":true,"href":"https:\/\/www.otrasenda.org\/index.php\/wp-json\/wp\/v2\/users\/2"}],"replies":[{"embeddable":true,"href":"https:\/\/www.otrasenda.org\/index.php\/wp-json\/wp\/v2\/comments?post=100"}],"version-history":[{"count":8,"href":"https:\/\/www.otrasenda.org\/index.php\/wp-json\/wp\/v2\/pages\/100\/revisions"}],"predecessor-version":[{"id":280,"href":"https:\/\/www.otrasenda.org\/index.php\/wp-json\/wp\/v2\/pages\/100\/revisions\/280"}],"wp:attachment":[{"href":"https:\/\/www.otrasenda.org\/index.php\/wp-json\/wp\/v2\/media?parent=100"}],"curies":[{"name":"wp","href":"https:\/\/api.w.org\/{rel}","templated":true}]}}