{"id":103,"date":"2019-11-08T19:39:14","date_gmt":"2019-11-08T19:39:14","guid":{"rendered":"http:\/\/www.otrasenda.org\/?page_id=103"},"modified":"2020-02-12T18:57:20","modified_gmt":"2020-02-12T18:57:20","slug":"ecosistemas-urbanos-sostenibles","status":"publish","type":"page","link":"https:\/\/www.otrasenda.org\/index.php\/ecosistemas-urbanos-sostenibles\/","title":{"rendered":"Ecosistemas urbanos sostenibles"},"content":{"rendered":"<h5><strong><span style=\"color: #ff0000;\">PR\u00d3XIMA ACTIVIDAD<\/span><\/strong><\/h5>\n<h5><strong><span style=\"color: #ff0000;\"><img decoding=\"async\" loading=\"lazy\" class=\"alignnone wp-image-312 size-full\" src=\"http:\/\/www.otrasenda.org\/wp-content\/uploads\/2019\/11\/huertomedicinal1.png\" alt=\"huertomedicinal1\" width=\"2496\" height=\"1951\" srcset=\"https:\/\/www.otrasenda.org\/wp-content\/uploads\/2019\/11\/huertomedicinal1.png 2496w, https:\/\/www.otrasenda.org\/wp-content\/uploads\/2019\/11\/huertomedicinal1-300x234.png 300w, https:\/\/www.otrasenda.org\/wp-content\/uploads\/2019\/11\/huertomedicinal1-768x600.png 768w, https:\/\/www.otrasenda.org\/wp-content\/uploads\/2019\/11\/huertomedicinal1-1024x800.png 1024w, https:\/\/www.otrasenda.org\/wp-content\/uploads\/2019\/11\/huertomedicinal1-1200x938.png 1200w\" sizes=\"(max-width: 2496px) 100vw, 2496px\" \/><\/span><\/strong><\/h5>\n<h6 style=\"text-align: center;\">\u00a1Te ayudamos a iniciar tu huerto medicinal en casa!<\/h6>\n<p style=\"text-align: center;\"><em>Buscamos darte opciones pr\u00e1cticas y funcionales para que puedas iniciar a tener tu medicina en casa, puedes hacerlo desde espacios muy peque\u00f1os como el espacio de una ventana o hasta todo un jard\u00edn y desde materiales muy especializados hasta RECICLADOS.<br \/>\n<\/em><\/p>\n<h5><span style=\"color: #008000;\">Veremos:<\/span><\/h5>\n<p>\u00bfPor qu\u00e9 hacer un huerto urbano?<\/p>\n<p>\u00bfQu\u00e9 plantas elegir por sus propiedades medicinales?<\/p>\n<p>\u00bfQu\u00e9 significa producir de manera org\u00e1nica?<\/p>\n<p>Componentes del sustrato<\/p>\n<p>Cuidado del huerto<\/p>\n<h5><span style=\"color: #008000;\">Datos del taller:<\/span><\/h5>\n<p>El taller consta de dos sesiones con un total de 6 horas.<\/p>\n<p>Las sesiones se llevaran a cabo los d\u00edas viernes 13 y 27 de marzo de 5 a 8 pm.<\/p>\n<p>El taller tiene un costo total de $500 (incluye ambas sesiones pero no incluye materiales para el huerto).<\/p>\n<p>Puedes apartar tu lugar con $200 y el resto cubrirlo el primer d\u00eda del taller, tambi\u00e9n puedes realizar tu pago completo en el siguiente bot\u00f3n puedes elegir la cantidad y luego dando click en el bot\u00f3n de comprar ahora puedes realizar tu pago con tu tarjeta sin ning\u00fan problema:<\/p>\n<form action=\"https:\/\/www.paypal.com\/cgi-bin\/webscr\" method=\"post\" target=\"_top\"><input name=\"cmd\" type=\"hidden\" value=\"_s-xclick\" \/><br \/>\n<input name=\"hosted_button_id\" type=\"hidden\" value=\"V239LTPNKCWMY\" \/><\/p>\n<table>\n<tbody>\n<tr>\n<td><input name=\"on0\" type=\"hidden\" value=\"Curso\/taller\" \/>Curso\/taller<\/td>\n<\/tr>\n<tr>\n<td><select name=\"os0\"><option value=\"Apartado\">Apartado $200.00 MXN<\/option><option value=\"Pago\">Pago $500.00 MXN<\/option><\/select><\/td>\n<\/tr>\n<\/tbody>\n<\/table>\n<p><input name=\"currency_code\" type=\"hidden\" value=\"MXN\" \/><br \/>\n<input alt=\"PayPal, la forma m\u00e1s segura y r\u00e1pida de pagar en l\u00ednea.\" name=\"submit\" src=\"https:\/\/www.paypalobjects.com\/es_XC\/MX\/i\/btn\/btn_buynowCC_LG.gif\" type=\"image\" \/><br \/>\n<img decoding=\"async\" loading=\"lazy\" src=\"https:\/\/www.paypalobjects.com\/en_US\/i\/scr\/pixel.gif\" alt=\"\" width=\"1\" height=\"1\" border=\"0\" \/><\/p>\n<h4><span style=\"color: #008000;\">\u00bfD\u00f3nde?<\/span><\/h4>\n<\/form>\n<p>OTRASENDA AC en Cumbres de Maltrata 373. Primer piso. Col. Narvarte poniente. A 10 minutos caminando del metro Etiop\u00eda.<\/p>\n<p><a href=\"https:\/\/goo.gl\/maps\/p8YCogTeVPkjMxB57\">https:\/\/goo.gl\/maps\/p8YCogTeVPkjMxB57<\/a><\/p>\n<h5>Contacto: contacto@otrasenda.org<\/h5>\n","protected":false},"excerpt":{"rendered":"<p>PR\u00d3XIMA ACTIVIDAD \u00a1Te ayudamos a iniciar tu huerto medicinal en casa! Buscamos darte opciones pr\u00e1cticas y funcionales para que puedas [&hellip;]<\/p>\n","protected":false},"author":2,"featured_media":0,"parent":0,"menu_order":0,"comment_status":"closed","ping_status":"closed","template":"","meta":{"site-sidebar-layout":"default","site-content-layout":"","ast-site-content-layout":"","site-content-style":"default","site-sidebar-style":"default","ast-global-header-display":"","ast-banner-title-visibility":"","ast-main-header-display":"","ast-hfb-above-header-display":"","ast-hfb-below-header-display":"","ast-hfb-mobile-header-display":"","site-post-title":"","ast-breadcrumbs-content":"","ast-featured-img":"","footer-sml-layout":"","theme-transparent-header-meta":"","adv-header-id-meta":"","stick-header-meta":"","header-above-stick-meta":"","header-main-stick-meta":"","header-below-stick-meta":"","astra-migrate-meta-layouts":"default","ast-page-background-enabled":"default","ast-page-background-meta":{"desktop":{"background-color":"var(--ast-global-color-5)","background-image":"","background-repeat":"repeat","background-position":"center center","background-size":"auto","background-attachment":"scroll","background-type":"","background-media":"","overlay-type":"","overlay-color":"","overlay-opacity":"","overlay-gradient":""},"tablet":{"background-color":"","background-image":"","background-repeat":"repeat","background-position":"center center","background-size":"auto","background-attachment":"scroll","background-type":"","background-media":"","overlay-type":"","overlay-color":"","overlay-opacity":"","overlay-gradient":""},"mobile":{"background-color":"","background-image":"","background-repeat":"repeat","background-position":"center center","background-size":"auto","background-attachment":"scroll","background-type":"","background-media":"","overlay-type":"","overlay-color":"","overlay-opacity":"","overlay-gradient":""}},"ast-content-background-meta":{"desktop":{"background-color":"var(--ast-global-color-4)","background-image":"","background-repeat":"repeat","background-position":"center center","background-size":"auto","background-attachment":"scroll","background-type":"","background-media":"","overlay-type":"","overlay-color":"","overlay-opacity":"","overlay-gradient":""},"tablet":{"background-color":"var(--ast-global-color-4)","background-image":"","background-repeat":"repeat","background-position":"center center","background-size":"auto","background-attachment":"scroll","background-type":"","background-media":"","overlay-type":"","overlay-color":"","overlay-opacity":"","overlay-gradient":""},"mobile":{"background-color":"var(--ast-global-color-4)","background-image":"","background-repeat":"repeat","background-position":"center center","background-size":"auto","background-attachment":"scroll","background-type":"","background-media":"","overlay-type":"","overlay-color":"","overlay-opacity":"","overlay-gradient":""}}},"_links":{"self":[{"href":"https:\/\/www.otrasenda.org\/index.php\/wp-json\/wp\/v2\/pages\/103"}],"collection":[{"href":"https:\/\/www.otrasenda.org\/index.php\/wp-json\/wp\/v2\/pages"}],"about":[{"href":"https:\/\/www.otrasenda.org\/index.php\/wp-json\/wp\/v2\/types\/page"}],"author":[{"embeddable":true,"href":"https:\/\/www.otrasenda.org\/index.php\/wp-json\/wp\/v2\/users\/2"}],"replies":[{"embeddable":true,"href":"https:\/\/www.otrasenda.org\/index.php\/wp-json\/wp\/v2\/comments?post=103"}],"version-history":[{"count":10,"href":"https:\/\/www.otrasenda.org\/index.php\/wp-json\/wp\/v2\/pages\/103\/revisions"}],"predecessor-version":[{"id":313,"href":"https:\/\/www.otrasenda.org\/index.php\/wp-json\/wp\/v2\/pages\/103\/revisions\/313"}],"wp:attachment":[{"href":"https:\/\/www.otrasenda.org\/index.php\/wp-json\/wp\/v2\/media?parent=103"}],"curies":[{"name":"wp","href":"https:\/\/api.w.org\/{rel}","templated":true}]}}